{"id":127,"date":"2020-09-08T20:10:15","date_gmt":"2020-09-08T20:10:15","guid":{"rendered":"https:\/\/graficomdz.com\/?page_id=127"},"modified":"2022-05-26T20:56:15","modified_gmt":"2022-05-26T20:56:15","slug":"impression-numerique","status":"publish","type":"page","link":"https:\/\/graficomdz.com\/index.php\/impression-numerique\/","title":{"rendered":"Impression num\u00e9rique"},"content":{"rendered":"\n\n\t\t\t\t<img decoding=\"async\" src=\"https:\/\/graficomdz.com\/wp-content\/uploads\/2020\/10\/mimaki-1024x88322-1.jpg\" alt=\"mimaki-1024x88322-1\" itemprop=\"image\" height=\"216\" width=\"1022\" title=\"mimaki-1024x88322-1\" onerror=\"this.style.display='none'\"  \/>\n<p>Vous n&rsquo;avez pas \u00e0 chercher plus loin, <strong>GraficomDZ<\/strong> con\u00e7oit et imprime toutes vos illustrations avec une qualit\u00e9 en utilisant des imprimantes modernes.<\/p>\n<p>Nous imprimons du petit format, de la petite \u00e9tiquette au format A3 sur diff\u00e9rents types de papier de qualit\u00e9 (extra blanc, couch\u00e9, autocollant&#8230;..).<\/p>\n<p><strong>GraficomDZ <\/strong>imprime aussi le grand format sur des mati\u00e8res diff\u00e9rentes :<\/p>\n\t<!-- CSS Part Start From Here-->\r\n\t<style>\r\n\t\t\r\n\t\t.portfolio-wraper {\r\n\t\t\t\t\t\tmargin-bottom:20px;\r\n\t\t}\r\n\t\t\r\n\t\t\t\tli#all {\r\n\t\t\tmargin: 0;\r\n\t\t}\r\n\t\t\r\n\t\t.simplefilter li {\r\n\t\t\tmargin-top: 5px;\r\n\t\t}\r\n\t\t\r\n\t\t.filtr-search {\r\n\t\t\tmargin-top:10px !important;\r\n\t\t\twidth:200px !important;\r\n\t\t\tmargin-bottom: 20px;\r\n\t\t}\r\n\t\t#all-simplefilter {\r\n\t\t\tdisplay:inline;\r\n\t\t\tpadding-left: 0px !important;\r\n\t\t}\r\n\t\t#f-simplefilter-347 {\r\n\t\t\tdisplay:inline;\r\n\t\t\tpadding-left: 0px !important;\r\n\t\t}\r\n\t\t\r\n\t\t\t\t\r\n\t\t@keyframes .YouTubePopUp-Content  {\r\n\t\t\tfrom {\r\n\t\t\t\ttransform: translate3d(0, 100%, 0);\r\n\t\t\t\tvisibility: visible;\r\n\t\t\t}\r\n\r\n\t\t\tto {\r\n\t\t\t\ttransform: translate3d(0, 0, 0);\r\n\t\t\t}\r\n\t\t}\r\n\r\n\t\t.YouTubePopUp-Content  {\r\n\t\t\tanimation-name: .YouTubePopUp-Content ;\r\n\t\t}\r\n\r\n\t\t.YouTubePopUp-Close { \r\n\t\t\tbackground:url(https:\/\/graficomdz.com\/wp-content\/plugins\/portfolio-filter-gallery\/\/img\/close-icon-white.png) no-repeat;\r\n\t\t\tbackground-size:50px 50px;\r\n\t\t\t-webkit-background-size:70px 50px;\r\n\t\t\t-moz-background-size:70px 50px;\r\n\t\t\t-o-background-size:70px 50px;\r\n\t\t}\r\n\t\tul.simplefilter {\r\n\t\t\tmargin-left: 0 !important;\r\n\t\t}\r\n\t\t.pfg_img_347 {\r\n\t\t\twidth: 100% !important;\r\n\t\t\theight: 100% !important;\r\n\t\t}\r\n\t\t.filter_gallery_347 > a {\r\n\t\t\tposition: initial !important;\r\n\t\t}\r\n\t\t.thumbnail_347 {\r\n\t\t\twidth:100% !important;\r\n\t\t\theight:auto;\r\n\t\t\tmargin-bottom: 0px !important;\r\n\t\t\t\r\n\t\t}\r\n\t\t.filtr-item {\r\n\t\t\tpadding-right:7px !important;\r\n\t\t\tpadding-left:7px !important;\r\n\t\t\tpadding-top:7px !important;\r\n\t\t\tpadding-bottom:7px !important;\r\n\t\t}\r\n\t\t.filtr-item img {\r\n\t\t\ttransition: all .2s !important\r\n\t\t}\r\n\t\t\t\t\t\t.simplefilter_347 li {\r\n\t\t\tbackground-color: #ccc;\r\n\t\t\tcolor: #ffffff;\r\n\t\t}\r\n\t\t\r\n\t\t.simplefilter_347 li:hover {\r\n\t\t\tbackground-color: #656565 !important;\r\n\t\t}\r\n\t\t\r\n\t\t.simplefilter_347 li.active {\r\n\t\t\tbackground-color: #656565 !important;\r\n\t\t}\r\n\t\t\r\n\t\t\t<\/style>\r\n\t\t<div class=\"portfolio-wraper pfg-bootstrap\" version=\"1.5.3\">\r\n\t\t\t\t<!-- Shuffle & Sort Controls -->\r\n\t\t\t\t\r\n\t\t<div class=\"row loading-wrapper text-center\">\r\n\t\t\t<img decoding=\"async\" src=\"https:\/\/graficomdz.com\/wp-content\/plugins\/portfolio-filter-gallery\/\/img\/loading-icon.gif\" width=\"60\">\r\n\t\t<\/div>\r\n\t\t<div class=\"filter_gallery_347 row filtr-container filters-div\" style=\"opacity:0; display:none;\">\r\n\t\t\t\t\t\t\t\t<a href=\"https:\/\/graficomdz.com\/wp-content\/uploads\/2020\/10\/impression-tessu.jpg\" data-toggle=\"lightbox\" data-gallery=\"multiimages\" data-title=\"impression tessu\" data-alt=\"impression tessu\" title=\"impression tessu\">\r\n\t\t\t\t\t\t<div data-category=\"1\" data-sort=\"impression tessu\" class=\"animateonload filtr-item filtr_item_347 single_one col-lg-4 col-md-12 col-sm-4 col-12\">\r\n\t\t\t\t\t\t\t\t\t\t\t\t\t\t\t<img decoding=\"async\" class=\" thumbnail  thumbnail_347 pfg-img pfg_img_347 img-responsive hvr-grow-shadow\" src=\"https:\/\/graficomdz.com\/wp-content\/uploads\/2020\/10\/impression-tessu.jpg\" alt=\"\">\r\n\t\t\t\t\t\t\t\t\t\t\t\t\t\t\t\t\t<span class=\"item-desc item_desc_347\">impression tessu<\/span>\r\n\t\t\t\t\t\t\t\t\t\t\t\t\t\t<\/div>\r\n\t\t\t\t\t<\/a>\r\n\t\t\t\t\t\t\t\t\t\t<a href=\"https:\/\/graficomdz.com\/wp-content\/uploads\/2020\/10\/autocollant-vinyle.jpg\" data-toggle=\"lightbox\" data-gallery=\"multiimages\" data-title=\"autocollant vinyle\" data-alt=\"autocollant vinyle\" title=\"autocollant vinyle\">\r\n\t\t\t\t\t\t<div data-category=\"1\" data-sort=\"autocollant vinyle\" class=\"animateonload filtr-item filtr_item_347 single_one col-lg-4 col-md-12 col-sm-4 col-12\">\r\n\t\t\t\t\t\t\t\t\t\t\t\t\t\t\t<img decoding=\"async\" class=\" thumbnail  thumbnail_347 pfg-img pfg_img_347 img-responsive hvr-grow-shadow\" src=\"https:\/\/graficomdz.com\/wp-content\/uploads\/2020\/10\/autocollant-vinyle.jpg\" alt=\"\">\r\n\t\t\t\t\t\t\t\t\t\t\t\t\t\t\t\t\t<span class=\"item-desc item_desc_347\">autocollant vinyle<\/span>\r\n\t\t\t\t\t\t\t\t\t\t\t\t\t\t<\/div>\r\n\t\t\t\t\t<\/a>\r\n\t\t\t\t\t\t\t\t\t\t<a href=\"https:\/\/graficomdz.com\/wp-content\/uploads\/2020\/10\/ap-zoom-magasin-immo.jpg\" data-toggle=\"lightbox\" data-gallery=\"multiimages\" data-title=\"one way\" data-alt=\"one way\" title=\"one way\">\r\n\t\t\t\t\t\t<div data-category=\"1\" data-sort=\"one way\" class=\"animateonload filtr-item filtr_item_347 single_one col-lg-4 col-md-12 col-sm-4 col-12\">\r\n\t\t\t\t\t\t\t\t\t\t\t\t\t\t\t<img decoding=\"async\" class=\" thumbnail  thumbnail_347 pfg-img pfg_img_347 img-responsive hvr-grow-shadow\" src=\"https:\/\/graficomdz.com\/wp-content\/uploads\/2020\/10\/ap-zoom-magasin-immo-1024x624.jpg\" alt=\"\">\r\n\t\t\t\t\t\t\t\t\t\t\t\t\t\t\t\t\t<span class=\"item-desc item_desc_347\">one way<\/span>\r\n\t\t\t\t\t\t\t\t\t\t\t\t\t\t<\/div>\r\n\t\t\t\t\t<\/a>\r\n\t\t\t\t\t\t\t\t\t\t<a href=\"https:\/\/graficomdz.com\/wp-content\/uploads\/2020\/10\/bache-et-banderole.jpg\" data-toggle=\"lightbox\" data-gallery=\"multiimages\" data-title=\"bache et banderole\" data-alt=\"bache et banderole\" title=\"bache et banderole\">\r\n\t\t\t\t\t\t<div data-category=\"1\" data-sort=\"bache et banderole\" class=\"animateonload filtr-item filtr_item_347 single_one col-lg-4 col-md-12 col-sm-4 col-12\">\r\n\t\t\t\t\t\t\t\t\t\t\t\t\t\t\t<img decoding=\"async\" class=\" thumbnail  thumbnail_347 pfg-img pfg_img_347 img-responsive hvr-grow-shadow\" src=\"https:\/\/graficomdz.com\/wp-content\/uploads\/2020\/10\/bache-et-banderole.jpg\" alt=\"\">\r\n\t\t\t\t\t\t\t\t\t\t\t\t\t\t\t\t\t<span class=\"item-desc item_desc_347\">bache et banderole<\/span>\r\n\t\t\t\t\t\t\t\t\t\t\t\t\t\t<\/div>\r\n\t\t\t\t\t<\/a>\r\n\t\t\t\t\t\t\t\t\t\t<a href=\"https:\/\/graficomdz.com\/wp-content\/uploads\/2020\/10\/flex.jpg\" data-toggle=\"lightbox\" data-gallery=\"multiimages\" data-title=\"flex\" data-alt=\"flex\" title=\"flex\">\r\n\t\t\t\t\t\t<div data-category=\"1\" data-sort=\"flex\" class=\"animateonload filtr-item filtr_item_347 single_one col-lg-4 col-md-12 col-sm-4 col-12\">\r\n\t\t\t\t\t\t\t\t\t\t\t\t\t\t\t<img decoding=\"async\" class=\" thumbnail  thumbnail_347 pfg-img pfg_img_347 img-responsive hvr-grow-shadow\" src=\"https:\/\/graficomdz.com\/wp-content\/uploads\/2020\/10\/flex.jpg\" alt=\"\">\r\n\t\t\t\t\t\t\t\t\t\t\t\t\t\t\t\t\t<span class=\"item-desc item_desc_347\">flex<\/span>\r\n\t\t\t\t\t\t\t\t\t\t\t\t\t\t<\/div>\r\n\t\t\t\t\t<\/a>\r\n\t\t\t\t\t\t\t<\/div>\r\n\t<\/div>\r\n<script>\r\n\r\nsetTimeout(function () {\r\n\tjQuery(\".thumbnail_347\").each(function(){\r\n\t\t\/\/ console.log(jQuery(this).width() + \"x\" + jQuery(this).height())\r\n\t\tvar h = jQuery(this).height();\r\n\t\tvar w = jQuery(this).width();\r\n\t\tjQuery(this).height(h);\r\n\t\tjQuery(this).width(w);\r\n\t\tjQuery(this).resize();\r\n\t});\r\n}, 2500);\r\n\r\njQuery(document).ready(function (jQuery) {\r\n\tjQuery('.filtr-item').addClass('animateonload');\r\n\tjQuery('#filter_gallery_347').show();\r\n\tjQuery('.loading-wrapper').hide();\r\n\tjQuery(\".loader_img\").hide();\r\n\tjQuery(\".lg_load_more\").show();\r\n\tjQuery(\".filtr-container\").css(\"opacity\", 1);\r\n\t\/\/Filterizd Default options\r\n\toptions = {\r\n\t\tanimationDuration: 0.5,\r\n\t\tcallbacks: {\r\n\t\t\tonFilteringStart: function() { },\r\n\t\t\tonFilteringEnd: function() { },\r\n\t\t\tonShufflingStart: function() { },\r\n\t\t\tonShufflingEnd: function() { },\r\n\t\t\tonSortingStart: function() { },\r\n\t\t\tonSortingEnd: function() { }\r\n\t\t},\r\n\t\tcontrolsSelector: '.filtr-controls-347',\r\n\t\tfilter: 'all',\r\n\t\t filterOutCss: {\r\n\t\t  top:'0px',\r\n\t\t\tleft:'0px',\r\n\t\t\topacity: 0.001,\r\n\t\t\ttransform: ''\r\n\t\t  },\r\n\t\t  filterInCss: {\r\n\t\t\t  top:'0px',\r\n\t\t\tleft:'0px',\r\n\t\t\topacity: 1,\r\n\t\t\ttransform: ''\r\n\t\t  },\r\n\t\tlayout: 'sameWidth',\r\n\t\tselector: '.filtr-item',\r\n\t\tsetupControls: false\r\n\t}\r\n\tvar filterizd = jQuery('.filter_gallery_347').filterizr(options);\r\n\t\/\/filterizd.filterizr('sort', 'domIndex', 'desc');\r\n\tjQuery('.filter_gallery_347').imagesLoaded( function() {\r\n\t\t\/\/ images have already loaded, instantiate Filterizr\r\n\t\tjQuery('.filter_gallery_347').filterizr(options);\r\n\t}); \r\n\t\t\r\n\t\t\/\/bootstrap-lightbox-js\r\n\t\t\/\/ delegate calls to data-toggle=\"lightbox\"\r\n\t\tjQuery(document).delegate('*[data-toggle=\"lightbox\"]:not([data-gallery=\"navigateTo\"])', 'click', function(event) {\r\n\t\t\tevent.preventDefault();\r\n\t\t\treturn jQuery(this).ekkoLightbox({\r\n\t\t\t\tonShown: function() {\r\n\t\t\t\t\t\/* if (window.console) {\r\n\t\t\t\t\t\treturn console.log('Checking our the events huh?');\r\n\t\t\t\t\t} *\/\r\n\t\t\t\t},\r\n\t\t\t\tonNavigate: function(direction, itemIndex) {\r\n\t\t\t\t\tif (window.console) {\r\n\t\t\t\t\t\treturn console.log('Navigating '+direction+'. Current item: '+itemIndex);\r\n\t\t\t\t\t}\r\n\t\t\t\t}\r\n\t\t\t});\r\n\t\t});\r\n\t\t\r\n\t\tjQuery('.filtr-control-347 [data-filter]').click(function() {\r\n\t\t\t\/\/jQuery('.swiper-347').swipebox('swipebox-destroy');\r\n\t\t\tvar targetFilter = jQuery(this).data('filter');\r\n\t\t\tvar lighbox_class_name = \"pfg-lightbox-\" + targetFilter;\r\n\t\t\tjQuery('.pfg-lightbox-' + targetFilter ).attr('data-lightbox', lighbox_class_name); \/\/ add data filter for parent filters\r\n\t\t});\r\n\r\n\t\t\/\/Programatically call\r\n\t\tjQuery('#open-image').click(function (e) {\r\n\t\t\te.preventDefault();\r\n\t\t\tjQuery(this).ekkoLightbox();\r\n\t\t});\r\n\t\tjQuery('#open-youtube').click(function (e) {\r\n\t\t\te.preventDefault();\r\n\t\t\tjQuery(this).ekkoLightbox();\r\n\t\t});\r\n\r\n\t\t\/\/ navigateTo\r\n\t\tjQuery(document).delegate('*[data-gallery=\"navigateTo\"]', 'click', function(event) {\r\n\t\t\tevent.preventDefault();\r\n\r\n\t\t\tvar lb;\r\n\t\t\treturn jQuery(this).ekkoLightbox({\r\n\t\t\t\tonShown: function() {\r\n\t\t\t\t\tlb = this;\r\n\t\t\t\t\tjQuery(lb.modal_content).on('click', '.modal-footer a', function(e) {\r\n\t\t\t\t\t\te.preventDefault();\r\n\t\t\t\t\t\tlb.navigateTo(2);\r\n\t\t\t\t\t});\r\n\t\t\t\t}\r\n\t\t\t});\r\n\t\t});\r\n\t\r\n\r\n\t\/\/ video player\r\n\tjQuery(function(){\r\n      jQuery(\"a.video-box-347\").YouTubePopUp( { autoplay: 0 } ); \/\/ Disable autoplay\r\n\t});\r\n\t\r\n});   \r\n<\/script>\n\n","protected":false},"excerpt":{"rendered":"","protected":false},"author":1,"featured_media":0,"parent":0,"menu_order":0,"comment_status":"closed","ping_status":"closed","template":"","meta":{"ngg_post_thumbnail":0,"footnotes":""},"class_list":["post-127","page","type-page","status-publish","hentry"],"aioseo_notices":[],"jetpack_sharing_enabled":true,"_links":{"self":[{"href":"https:\/\/graficomdz.com\/index.php\/wp-json\/wp\/v2\/pages\/127","targetHints":{"allow":["GET"]}}],"collection":[{"href":"https:\/\/graficomdz.com\/index.php\/wp-json\/wp\/v2\/pages"}],"about":[{"href":"https:\/\/graficomdz.com\/index.php\/wp-json\/wp\/v2\/types\/page"}],"author":[{"embeddable":true,"href":"https:\/\/graficomdz.com\/index.php\/wp-json\/wp\/v2\/users\/1"}],"replies":[{"embeddable":true,"href":"https:\/\/graficomdz.com\/index.php\/wp-json\/wp\/v2\/comments?post=127"}],"version-history":[{"count":26,"href":"https:\/\/graficomdz.com\/index.php\/wp-json\/wp\/v2\/pages\/127\/revisions"}],"predecessor-version":[{"id":815,"href":"https:\/\/graficomdz.com\/index.php\/wp-json\/wp\/v2\/pages\/127\/revisions\/815"}],"wp:attachment":[{"href":"https:\/\/graficomdz.com\/index.php\/wp-json\/wp\/v2\/media?parent=127"}],"curies":[{"name":"wp","href":"https:\/\/api.w.org\/{rel}","templated":true}]}}